(d).
6
Suppose 0*h + 4*h - 4 = 0. Let o(v) be the third derivative of -5*v**4/24 + v**3/6 - 10*v**2. Determine o(h).
-4
Let p(a) = a - 2. Let v be p(4). Suppose 0*u + 5*q + 5 = -v*u, 4*u + 2*q = -2. Let f(n) = n - 12. What is f(u)?
-12
Let s(l) = -8*l - 1. Suppose -h + 4*a + 15 = 0, h + a + 2 - 7 = 0. Let m be (5 - h)/(-1 + 3). Give s(m).
7
Let c(l) = -l**2 + l + 1. Let z(y) = y**2 + 4*y + 4. Let a(q) = 2*c(q) - z(q). Give a(-2).
-10
Let k(c) = 0*c - c**2 + 5*c - 2*c. Give k(3).
0
Let n(b) = 2*b + 22. Let w be n(-14). Let d(q) = q**3 + 5*q**2 - 5*q + 4. What is d(w)?
-2
Let v(t) = 6*t**2 - 1. Suppose -2*s - 3 = -b, 5*b = 5*s - 3 + 13. Give v(s).
5
Let m = 11 - 9. Let o(h) = -2 + 6*h**2 - 4*h - m*h**2 + h**3 + 2*h. Calculate o(-4).
6
Let o(h) be the first derivative of -h**2/2 - 4*h + 16. Determine o(-5).
1
Suppose -3*f = 4*p + f + 4, 3*p = -4*f - 5. Let i = p - 3. Let m(y) = y - 1. Let k(z) = 2*z**2 - 3*z + 1. Let j(l) = -k(l) - 3*m(l). Determine j(i).
-6
Suppose -14*u + 19*u + 5 = 0. Let n(d) = d**3 + 3*d**2 - 3*d + 5. Let k be n(-4). Let m = u + k. Let s(v) = v + 2. Calculate s(m).
2
Let o(u) = -2*u + 7. Suppose -5*b + 2*i = -19, -11 - 7 = -3*b - i. Calculate o(b).
-3
Let c(x) = x**2 - x - 2. Suppose -18 = -5*v + 2. Calculate c(v).
10
Let v(p) be the first derivative of 0*p + 3/2*p**2 + 2. Determine v(1).
3
Suppose -3*c + 6*c = -27. Let s be c/4 + 9/36. Let o(n) = -5 + 2*n + 3 - 3*n. Calculate o(s).
0
Let h(u) = 9*u**2 + u. Let t(r) = -r**2 - 5*r + 3. Let w be t(-5). Suppose w*f = f - 32. Let d be 1/(-4) - 20/f. Determine h(d).
10
Let u(a) = -19*a - 1. Suppose 0 = 10*c - 16 + 26. What is u(c)?
18
Suppose -5*m + 5 = -10. Let v(l) = 1 + m*l**2 - l**3 + 5*l**2 - 7*l + 0*l**2 - l**2. Determine v(6).
-5
Suppose 0 = 4*z - 4*w - 12, 4*z - 8 - 4 = w. Let c be (-2 + 20)/z*1. Suppose -c*x + 4 = -2*x. Let g(j) = -2*j**3 - j. Give g(x).
-3
Let z(u) be the second derivative of u**5/20 + u**4/3 - 2*u**3/3 - u**2/2 + 4*u. Give z(-5).
-6
Suppose 5 = 2*l - 2*u - 3*u, 2*u + 6 = 0. Let m(s) = s**2 + 7*s - 4. Determine m(l).
-14
Let n(u) = u + 2. Let o be n(0). Let i(w) = -w - o*w + 4*w. Give i(5).
5
Suppose h + 16 = 3*h. Let w be h/4 + 2/(-2). Let d(f) = 4*f - f**3 + 1 - 2*f**2 - w + 2 - 2*f. Determine d(-3).
5
Let f(j) = -j**2 + 8*j. Let r be f(7). Suppose r*h - 3*h = -24. Let s(a) = a + 10. Determine s(h).
4
Let r(k) = k**3 + 3*k**2 - 5*k - 4. Let l(d) = -d**2 - 3*d - 3. Let q be l(-3). Let s = -6 - q. Let x be -6*(-1)/s*2. Calculate r(x).
0
Let m(w) be the third derivative of -w**5/60 - w**4/24 + 2*w**3/3 - 18*w**2 - 5*w. Let y(t) = 3*t. Let s be y(-1). Calculate m(s).
-2
Suppose 104 = -30*r + 4*r. Let v(j) = -j**2 - 7*j - 3. Let c(d) = 2*d**2 + 14*d + 7. Let w(o) = -3*c(o) - 5*v(o). Calculate w(r).
6
Let v be 56/(-6) + 1/3. Let a be (1*-3)/(v/(-6)). Let q(y) = -y**3 - y**2 - 2*y - 2. Calculate q(a).
6
Suppose 5*m - 33 = -2*y, 6 = 5*y - 2*m - 4. Suppose -18 = y*u - 2. Let l(n) = 6 + n + 4 + 6 - 10. What is l(u)?
2
Let o(f) = f. Let l(r) = 5*r + 1. Let v(i) = l(i) - 3*o(i). Suppose b = 5*y + 10, -3*y - 4*b - 29 = -0*b. What is v(y)?
-5
Suppose z - 5*z + 11 = 3*m, 5*z + 5 = 0. Let i(x) = x**3 - 5*x**2 - x - 1. Give i(m).
-6
Let q(w) = -16*w + 24. Let j(m) = -3*m + 5. Let v(f) = -24*j(f) + 5*q(f). Calculate v(2).
-16
Let x = -3 - -2. Let k = -4 - -8. Let y(b) = b + 0*b**2 - 2*b - k*b**2 + 0*b. Give y(x).
-3
Let g(q) = q**3 + 3*q**2 - 1. Let a be 2/(-5) - 38/5. Let k be (-1)/(-2)*a/4. What is g(k)?
1
Suppose 19*j + 20 = 14*j. Let y = -2 - -4. Let l(w) = -y + 0 - 2 - 2*w. Give l(j).
4
Let b = -5 + 9. Suppose 3*c + 0*y + y = 13, -b*c + 3*y = -13. Let w(h) = -h**2 - 5*h**3 + c + 4*h**3 - h - 1. Give w(0).
3
Let n be (-4)/(-18) - 115/(-9). Suppose n - 1 = -3*u. Let r(p) = -p**3 + 2 + 4*p - 4*p**2 + 0*p**2 + p**2. Determine r(u).
2
Let q(l) = l**2 + 5*l + 1. Let j = -8 - -17. Let h be (15/j)/(1/(-3)). What is q(h)?
1
Let c(s) = 12*s**2 + 4 - 12*s**2 + 0 + 2*s - s**2. What is c(4)?
-4
Let u(t) = t**2 + t + 9. Let k(y) = y - 3*y**2 + 4*y**2 + 2 - 5*y**3 + 4*y**3. Let b be k(0). Let i = -2 + b. Give u(i).
9
Let r(x) be the third derivative of x**6/120 - x**5/15 - x**3/2 + x**2. Let d = -39 - -43. What is r(d)?
-3
Let j(z) be the second derivative of z**4/12 - z**2/2 + 4*z. Let o be j(-2). Let g(p) = -p**2 + 2*p - 4. What is g(o)?
-7
Let a(c) be the first derivative of -c**4/4 - 5*c**3/3 + c**2/2 - 6*c + 3. Let y be (-38)/8 - 8/32. What is a(y)?
-11
Let n(l) = -l**2 - 6*l - 7. Let j be n(-4). Let r(f) = -8*f**3 - f**2 - f + 1. What is r(j)?
-9
Let q(u) be the first derivative of 2*u**2 + u + 4. Give q(1).
5
Let r(b) = -b**3 - 7*b**2 - 6*b + 4. Let i be (-1 - -2 - 8)*(-36)/(-42). What is r(i)?
4
Let r(k) = 2*k**2 - k + 1. Let w(q) = -q - 4. Let m be (-1)/(18/15 + -1). Let s be w(m). Calculate r(s).
2
Let y(h) = h**2 - 10*h + 3. Let j(p) = p + 1 - 3 + 1. Let i(x) = -5*j(x) - y(x). What is i(5)?
2
Suppose -2*a = 6 + 4. Let w(y) = -y**3 - 3*y**2 + 6*y - 5. Give w(a).
15
Let n be ((-5)/2)/(3/6). Let w(p) = -p**3 - 6*p**2 - 6*p. Give w(n).
5
Let h(k) be the second derivative of -2*k**3/3 + k**2/2 - 20*k + 2. Determine h(-1).
5
Let m(j) be the third derivative of -j**6/60 - j**5/20 + j**3/3 - j**2. Give m(-2).
6
Let l(x) = -x + 3. Let c = -8 + 4. Let f be c/(-6)*(-9)/(-6). Suppose 2*b - 3*j + f = 8, j = -4*b + 7. Determine l(b).
1
Let q(m) be the second derivative of 0*m**2 - 1/6*m**3 + 0 - 5*m - 1/12*m**4. What is q(0)?
0
Let a(d) = 4*d - 1. Let r(k) = -5*k. Let c(x) = 6*a(x) + 5*r(x). Suppose 5*u = 20, -4*s = -5*u + 4*u + 24. What is c(s)?
-1
Let r be ((-2)/3)/((-2)/(-30)). Let h be 34/r + 2/5. Let b(y) = -y - 2. Give b(h).
1
Let h(s) be the first derivative of s**3/3 - 3*s**2/2 + 4*s + 11. Give h(3).
4
Let c(o) = o + 7. Let q be c(-6). Let w(u) = -q + 1 - 2 - u. Determine w(-5).
3
Let s(x) = -x - 5. Let r = 10 + -6. Suppose -8*w + r*w = 0. Determine s(w).
-5
Let d be 9 + -1 + 0 + 14/(-7). Let z(v) = v**2 - 6*v - 3. Calculate z(d).
-3
Let s(l) = l**2 + 2*l - 1. Let b be 0*(-1)/(2 + 0). Suppose b*c + c - 1 = 0. Give s(c).
2
Let z(n) = -2*n - 2. Let o be z(-2). Let t(x) = 3*x + x - 3 + 2. Give t(o).
7
Let v = -16 + 9. Let p(t) = -t**3 + 5*t**2 - 2*t - 6. Let l(i) = i**3 - 5*i**2 + 2*i + 5. Let n(y) = v*l(y) - 6*p(y). Give n(4).
9
Let y(j) be the third derivative of -j**4/24 + j**3/2 + j**2. Suppose -2*k - 2*w + 8 = 0, -5*w - 22 - 18 = -5*k. Let i be k/18 - 11/(-3). Determine y(i).
-1
Let r(j) = -j**3 + j - 2. Suppose -2*s + 2 = -0*s - g, 5*s - g = 2. Calculate r(s).
-2
Let m(g) = -g**2 + 8*g - 6. Let q = -23 - -27. Determine m(q).
10
Let d(v) = v**3 + 6*v**2 - v - 3. Let q be (-104)/18 - (-8)/(-36). Give d(q).
3
Let a(f) be the third derivative of f**4/24 - f**3 + 4*f**2. Let g be a(8). Let m(o) = -2 + 6*o**g + o**3 + 2*o - 2*o**2 + 1. What is m(-3)?
2
Suppose -2*n + 0 = 2*v - 2, -6 = -3*v. Suppose 5*a - k = 25, 9 = 3*a + 2*k - 6. Let u(g) = -g + 3*g + a*g. Give u(n).
-7
Suppose -3 = -2*m + m. Let g(f) = 1 + 1 + 4*f**m + f - 2*f**3 + 3*f**2. Let s(q) = -q**3 + 9*q**2 - 8*q - 2. Let r be s(8). Calculate g(r).
-4
Let j = -5 + 9. Let f(y) = 9*y**2 + 3 - j - y**2 + 2. Calculate f(-1).
9
Let j(o) = -9*o**3 + 2*o**2 - 1. Suppose -10 = -2*v - 2. Suppose v*r + 0*r = 44. Let n = 10 - r. Calculate j(n).
10
Let d(a) = 7*a**3 + 3*a**2 - 10*a - 4. Let r(z) = 6*z + z**3 - 11*z + 0*z**3 + 4*z - 1. Let x(p) = -d(p) + 6*r(p). What is x(-4)?
-2
Let n(w) = w - 5. Suppose -l + 2 = -2*l. Let m be 0/((l - 3) + 4). Give n(m).
-5
Let i(u) = -u**2 + u + 1. Let c = 10 - 7. Let n(m) = -3 + 0*m - 4*m + 5*m. Let l be n(c). Calculate i(l).
1
Let u = 60 + -32. Suppose f + 5*d - u = -3*f, 14 = -f + 4*d. Let q(n) = -f - 3*n + 4 - 3. What is q(1)?
-4
Let a(n) = 0*n**2 + 5*n + 0 + 4 + n**2. Let b be ((-12)/(-10))/((-42)/(-350)). Suppose -6*t = -4*t + b. Calculate a(t).
4
Let i(j) = 84 - j - 170 + 88. What is i(-6)?
8
Suppose -r = 4*r + 20. Let l(o) = o**2 + o - 2. Determine l(r).
10
Let d be 1*(-2)/(-4)*2. Let l(w) = w + 2*w - w + d. Let s(h) = 6*h + 2. Let q(n) = -10*l(n) + 3*s(n). Determine q(3).
-10
Let i(f) = 2*f**2 - 28*f - 24. Let t be i(15). Let b(x) = -x. Calculate b(t).
-6
Suppose -4*p = -0 - 4. Let n(r) = 2 + 1 - 3 + p + 4*r. What is n(1)?
5
Suppose 0 = 4*i - 3*f + 28, 0 = i - 3*f + 7 + 9. Let o(